{"id":2508,"date":"2017-03-15T07:16:40","date_gmt":"2017-03-15T06:16:40","guid":{"rendered":"http:\/\/www.kraeuterklatsch.de\/wp-content\/uploads\/2017\/02\/P1220551.jpg"},"modified":"2017-03-15T07:22:44","modified_gmt":"2017-03-15T06:22:44","slug":"p1220551","status":"inherit","type":"attachment","link":"http:\/\/www.kraeuterklatsch.de\/?attachment_id=2508","title":{"rendered":"P1220551"},"author":1,"comment_status":"open","ping_status":"closed","template":"","meta":[],"description":{"rendered":"<p class=\"attachment\"><a href='http:\/\/www.kraeuterklatsch.de\/wp-content\/uploads\/2017\/02\/P1220551.jpg'><img width=\"300\" height=\"181\" src=\"http:\/\/www.kraeuterklatsch.de\/wp-content\/uploads\/2017\/02\/P1220551-300x181.jpg\" class=\"attachment-medium size-medium\" alt=\"\" loading=\"lazy\" srcset=\"http:\/\/www.kraeuterklatsch.de\/wp-content\/uploads\/2017\/02\/P1220551-300x181.jpg 300w, http:\/\/www.kraeuterklatsch.de\/wp-content\/uploads\/2017\/02\/P1220551-768x463.jpg 768w, http:\/\/www.kraeuterklatsch.de\/wp-content\/uploads\/2017\/02\/P1220551.jpg 2048w\" sizes=\"(max-width: 300px) 100vw, 300px\" \/><\/a><\/p>\n"},"caption":{"rendered":"<p>Die m\u00e4nnliche Bl\u00fcte der Schwarzpappel  rot fast pinkfarben.  Die weiblichen K\u00e4tzchen sind gr\u00fcn <a href=\"http:\/\/www.kraeuterklatsch.de\/?attachment_id=2508\">Weiterlesen <span class=\"meta-nav\">&rarr;<\/span><\/a><\/p>\n"},"alt_text":"","media_type":"image","mime_type":"image\/jpeg","media_details":{"width":2048,"height":1234,"file":"2017\/02\/P1220551.jpg","sizes":{"thumbnail":{"file":"P1220551-150x150.jpg","width":150,"height":150,"mime_type":"image\/jpeg","source_url":"http:\/\/www.kraeuterklatsch.de\/wp-content\/uploads\/2017\/02\/P1220551-150x150.jpg"},"medium":{"file":"P1220551-300x181.jpg","width":300,"height":181,"mime_type":"image\/jpeg","source_url":"http:\/\/www.kraeuterklatsch.de\/wp-content\/uploads\/2017\/02\/P1220551-300x181.jpg"},"medium_large":{"file":"P1220551-768x463.jpg","width":768,"height":463,"mime_type":"image\/jpeg","source_url":"http:\/\/www.kraeuterklatsch.de\/wp-content\/uploads\/2017\/02\/P1220551-768x463.jpg"},"large":{"file":"P1220551-2048x1234.jpg","width":2048,"height":1234,"mime_type":"image\/jpeg","source_url":"http:\/\/www.kraeuterklatsch.de\/wp-content\/uploads\/2017\/02\/P1220551-2048x1234.jpg"},"post-thumbnail":{"file":"P1220551-940x198.jpg","width":940,"height":198,"mime_type":"image\/jpeg","source_url":"http:\/\/www.kraeuterklatsch.de\/wp-content\/uploads\/2017\/02\/P1220551-940x198.jpg"},"full":{"file":"P1220551.jpg","width":2048,"height":1234,"mime_type":"image\/jpeg","source_url":"http:\/\/www.kraeuterklatsch.de\/wp-content\/uploads\/2017\/02\/P1220551.jpg"}},"image_meta":{"aperture":"0","credit":"","camera":"","caption":"","created_timestamp":"0","copyright":"","focal_length":"0","iso":"0","shutter_speed":"0","title":"","orientation":"0","keywords":[]}},"post":2486,"source_url":"http:\/\/www.kraeuterklatsch.de\/wp-content\/uploads\/2017\/02\/P1220551.jpg","_links":{"self":[{"href":"http:\/\/www.kraeuterklatsch.de\/index.php?rest_route=\/wp\/v2\/media\/2508"}],"collection":[{"href":"http:\/\/www.kraeuterklatsch.de\/index.php?rest_route=\/wp\/v2\/media"}],"about":[{"href":"http:\/\/www.kraeuterklatsch.de\/index.php?rest_route=\/wp\/v2\/types\/attachment"}],"author":[{"embeddable":true,"href":"http:\/\/www.kraeuterklatsch.de\/index.php?rest_route=\/wp\/v2\/users\/1"}],"replies":[{"embeddable":true,"href":"http:\/\/www.kraeuterklatsch.de\/index.php?rest_route=%2Fwp%2Fv2%2Fcomments&post=2508"}]}}

<p>Die männliche Blüte der Schwarzpappel  rot fast pinkfarben.  Die weiblichen Kätzchen sind grün <a href="http://www.kraeuterklatsch.de/?attachment_id=2508">Weiterlesen <span class="meta-nav">&rarr;</span></a></p>
