{"id":2591,"date":"2017-07-25T13:03:23","date_gmt":"2017-07-25T11:03:23","guid":{"rendered":"http:\/\/www.kraeuterklatsch.de\/?page_id=2591"},"modified":"2017-07-25T13:29:25","modified_gmt":"2017-07-25T11:29:25","slug":"weinraute-gefaehrlich","status":"publish","type":"page","link":"http:\/\/www.kraeuterklatsch.de\/?page_id=2591","title":{"rendered":"Weinraute gef\u00e4hrlich?"},"content":{"rendered":"<p>Heute Morgen habe ich erfahren, dass man bei Ber\u00fchrung und bei Sonnenschein allergisch auf die Weinraute reagieren kann- bis zu schweren Hautreizungen. Also Achtung \u00a0die Verletzungen sehen den Verbrennungen des Riesen-B\u00e4renklau \u00e4hnlich.\u00a0Photodermatitis oder Wiesengr\u00e4serdermatitis<\/p>\n<h3 class=\"r\">Ausl\u00f6senden Stoffe sind\u00a0in Bl\u00e4ttern, St\u00e4ngeln und Fruchtst\u00e4nden von heimischen oder exotischen Pflanzen enthalten. Hierzu z\u00e4hlen:<\/h3>\n<p>Pastinake , Riesen B\u00e4renklau Herkuleskeule, Wiesen B\u00e4renklau, Meisterwurz, Feigenbaum, Engelwurz, Bergamotte, Sellerie und Weinraute.<\/p>\n<p>Also wenn meine Weinraute im Garten bleiben darf dann nur noch mit Handschuhen ber\u00fchren und nicht bei Sonnenschein.<\/p>\n<p>Es ist wirklich eine wundersch\u00f6ne Pflanze. Ich habe mit den Bl\u00e4ttern Fleisch gew\u00fcrzt und auch manchmal einen bitteren Tee (gegen Verdauungsbeschwerden)getrunken.<\/p>\n<p><a href=\"http:\/\/www.kraeuterklatsch.de\/?attachment_id=2592\" rel=\"attachment wp-att-2592\"><img loading=\"lazy\" class=\"alignright size-medium wp-image-2592\" src=\"http:\/\/www.kraeuterklatsch.de\/wp-content\/uploads\/2017\/07\/DSC01793-300x200.jpg\" alt=\"\" width=\"300\" height=\"200\" srcset=\"http:\/\/www.kraeuterklatsch.de\/wp-content\/uploads\/2017\/07\/DSC01793-300x200.jpg 300w, http:\/\/www.kraeuterklatsch.de\/wp-content\/uploads\/2017\/07\/DSC01793-768x512.jpg 768w, http:\/\/www.kraeuterklatsch.de\/wp-content\/uploads\/2017\/07\/DSC01793.jpg 2048w\" sizes=\"(max-width: 300px) 100vw, 300px\" \/><\/a> <a href=\"http:\/\/www.kraeuterklatsch.de\/?attachment_id=2593\" rel=\"attachment wp-att-2593\"><img loading=\"lazy\" class=\"alignright size-medium wp-image-2593\" src=\"http:\/\/www.kraeuterklatsch.de\/wp-content\/uploads\/2017\/07\/DSC01795-300x200.jpg\" alt=\"\" width=\"300\" height=\"200\" srcset=\"http:\/\/www.kraeuterklatsch.de\/wp-content\/uploads\/2017\/07\/DSC01795-300x200.jpg 300w, http:\/\/www.kraeuterklatsch.de\/wp-content\/uploads\/2017\/07\/DSC01795-768x512.jpg 768w, http:\/\/www.kraeuterklatsch.de\/wp-content\/uploads\/2017\/07\/DSC01795.jpg 2048w\" sizes=\"(max-width: 300px) 100vw, 300px\" \/><\/a> <a href=\"http:\/\/www.kraeuterklatsch.de\/?attachment_id=2594\" rel=\"attachment wp-att-2594\"><img loading=\"lazy\" class=\"alignright size-medium wp-image-2594\" src=\"http:\/\/www.kraeuterklatsch.de\/wp-content\/uploads\/2017\/07\/DSC01796-300x200.jpg\" alt=\"\" width=\"300\" height=\"200\" srcset=\"http:\/\/www.kraeuterklatsch.de\/wp-content\/uploads\/2017\/07\/DSC01796-300x200.jpg 300w, http:\/\/www.kraeuterklatsch.de\/wp-content\/uploads\/2017\/07\/DSC01796-768x512.jpg 768w, http:\/\/www.kraeuterklatsch.de\/wp-content\/uploads\/2017\/07\/DSC01796.jpg 2048w\" sizes=\"(max-width: 300px) 100vw, 300px\" \/><\/a>\u00a0Schwangere Frauen m\u00fcssen diese Pflanze meiden.<\/p>\n<p>Die \u00a0fein gefiederten Bl\u00e4tter der Weinraute haben eine graugr\u00fcne bis blaugr\u00fcne Farbe. H\u00e4lt man die Bl\u00e4tter gegen das Licht, so kann man durchscheinende &#8220;L\u00f6cher&#8221;sehen &#8211; es sind einzelne, mit \u00e4therischem \u00d6l gef\u00fcllte Dr\u00fcsen. Siehe letztes Foto.<\/p>\n<p>&nbsp;<\/p>\n<p>Als Mittel gegen die Pest erreichte die Weinraute \u00a0besondere Ber\u00fchmtheit. Durch den Vier-R\u00e4uber-Essig. Mit dem hatten sich vier franz\u00f6sische Diebe eingerieben, bevor sie die H\u00e4user von Pestkranken ausraubten.<\/p>\n<p>&nbsp;<\/p>\n<p><a href=\"http:\/\/www.kraeuterklatsch.de\/?attachment_id=2595\" rel=\"attachment wp-att-2595\"><img loading=\"lazy\" class=\"alignright size-medium wp-image-2595\" src=\"http:\/\/www.kraeuterklatsch.de\/wp-content\/uploads\/2017\/07\/DSC01802-300x256.jpg\" alt=\"\" width=\"300\" height=\"256\" srcset=\"http:\/\/www.kraeuterklatsch.de\/wp-content\/uploads\/2017\/07\/DSC01802-300x256.jpg 300w, http:\/\/www.kraeuterklatsch.de\/wp-content\/uploads\/2017\/07\/DSC01802-768x656.jpg 768w, http:\/\/www.kraeuterklatsch.de\/wp-content\/uploads\/2017\/07\/DSC01802.jpg 1425w\" sizes=\"(max-width: 300px) 100vw, 300px\" \/><\/a><\/p>\n<p>&nbsp;<\/p>\n","protected":false},"excerpt":{"rendered":"<p>Heute Morgen habe ich erfahren, dass man bei Ber\u00fchrung und bei Sonnenschein allergisch auf die Weinraute reagieren kann- bis zu schweren Hautreizungen. Also Achtung \u00a0die Verletzungen sehen den Verbrennungen des Riesen-B\u00e4renklau \u00e4hnlich.\u00a0Photodermatitis oder Wiesengr\u00e4serdermatitis Ausl\u00f6senden Stoffe sind\u00a0in Bl\u00e4ttern, St\u00e4ngeln und &hellip; <a href=\"http:\/\/www.kraeuterklatsch.de\/?page_id=2591\">Weiterlesen <span class=\"meta-nav\">&rarr;<\/span><\/a><\/p>\n","protected":false},"author":1,"featured_media":2595,"parent":0,"menu_order":0,"comment_status":"closed","ping_status":"closed","template":"","meta":[],"_links":{"self":[{"href":"http:\/\/www.kraeuterklatsch.de\/index.php?rest_route=\/wp\/v2\/pages\/2591"}],"collection":[{"href":"http:\/\/www.kraeuterklatsch.de\/index.php?rest_route=\/wp\/v2\/pages"}],"about":[{"href":"http:\/\/www.kraeuterklatsch.de\/index.php?rest_route=\/wp\/v2\/types\/page"}],"author":[{"embeddable":true,"href":"http:\/\/www.kraeuterklatsch.de\/index.php?rest_route=\/wp\/v2\/users\/1"}],"replies":[{"embeddable":true,"href":"http:\/\/www.kraeuterklatsch.de\/index.php?rest_route=%2Fwp%2Fv2%2Fcomments&post=2591"}],"version-history":[{"count":2,"href":"http:\/\/www.kraeuterklatsch.de\/index.php?rest_route=\/wp\/v2\/pages\/2591\/revisions"}],"predecessor-version":[{"id":2601,"href":"http:\/\/www.kraeuterklatsch.de\/index.php?rest_route=\/wp\/v2\/pages\/2591\/revisions\/2601"}],"wp:featuredmedia":[{"embeddable":true,"href":"http:\/\/www.kraeuterklatsch.de\/index.php?rest_route=\/wp\/v2\/media\/2595"}],"wp:attachment":[{"href":"http:\/\/www.kraeuterklatsch.de\/index.php?rest_route=%2Fwp%2Fv2%2Fmedia&parent=2591"}],"curies":[{"name":"wp","href":"https:\/\/api.w.org\/{rel}","templated":true}]}}

Weinraute gefährlich?

<p>Heute Morgen habe ich erfahren, dass man bei Berührung und bei Sonnenschein allergisch auf die Weinraute reagieren kann- bis zu schweren Hautreizungen. Also Achtung  die Verletzungen sehen den Verbrennungen des Riesen-Bärenklau ähnlich. Photodermatitis oder Wiesengräserdermatitis</p>
<h3 class="r">Auslösenden Stoffe sind in Blättern, Stängeln und Fruchtständen von heimischen oder exotischen Pflanzen enthalten. Hierzu zählen:</h3>
<p>Pastinake , Riesen Bärenklau Herkuleskeule, Wiesen Bärenklau, Meisterwurz, Feigenbaum, Engelwurz, Bergamotte, Sellerie und Weinraute.</p>
<p>Also wenn meine Weinraute im Garten bleiben darf dann nur noch mit Handschuhen berühren und nicht bei Sonnenschein.</p>
<p>Es ist wirklich eine wunderschöne Pflanze. Ich habe mit den Blättern Fleisch gewürzt und auch manchmal einen bitteren Tee (gegen Verdauungsbeschwerden)getrunken.</p>
<p><a href="http://www.kraeuterklatsch.de/?attachment_id=2592" rel="attachment wp-att-2592"><img loading="lazy" class="alignright size-medium wp-image-2592" src="http://www.kraeuterklatsch.de/wp-content/uploads/2017/07/DSC01793-300x200.jpg" alt="" width="300" height="200" srcset="http://www.kraeuterklatsch.de/wp-content/uploads/2017/07/DSC01793-300x200.jpg 300w, http://www.kraeuterklatsch.de/wp-content/uploads/2017/07/DSC01793-768x512.jpg 768w, http://www.kraeuterklatsch.de/wp-content/uploads/2017/07/DSC01793.jpg 2048w" sizes="(max-width: 300px) 100vw, 300px" /></a> <a href="http://www.kraeuterklatsch.de/?attachment_id=2593" rel="attachment wp-att-2593"><img loading="lazy" class="alignright size-medium wp-image-2593" src="http://www.kraeuterklatsch.de/wp-content/uploads/2017/07/DSC01795-300x200.jpg" alt="" width="300" height="200" srcset="http://www.kraeuterklatsch.de/wp-content/uploads/2017/07/DSC01795-300x200.jpg 300w, http://www.kraeuterklatsch.de/wp-content/uploads/2017/07/DSC01795-768x512.jpg 768w, http://www.kraeuterklatsch.de/wp-content/uploads/2017/07/DSC01795.jpg 2048w" sizes="(max-width: 300px) 100vw, 300px" /></a> <a href="http://www.kraeuterklatsch.de/?attachment_id=2594" rel="attachment wp-att-2594"><img loading="lazy" class="alignright size-medium wp-image-2594" src="http://www.kraeuterklatsch.de/wp-content/uploads/2017/07/DSC01796-300x200.jpg" alt="" width="300" height="200" srcset="http://www.kraeuterklatsch.de/wp-content/uploads/2017/07/DSC01796-300x200.jpg 300w, http://www.kraeuterklatsch.de/wp-content/uploads/2017/07/DSC01796-768x512.jpg 768w, http://www.kraeuterklatsch.de/wp-content/uploads/2017/07/DSC01796.jpg 2048w" sizes="(max-width: 300px) 100vw, 300px" /></a> Schwangere Frauen müssen diese Pflanze meiden.</p>
<p>Die  fein gefiederten Blätter der Weinraute haben eine graugrüne bis blaugrüne Farbe. Hält man die Blätter gegen das Licht, so kann man durchscheinende &#8220;Löcher&#8221;sehen &#8211; es sind einzelne, mit ätherischem Öl gefüllte Drüsen. Siehe letztes Foto.</p>
<p>&nbsp;</p>
<p>Als Mittel gegen die Pest erreichte die Weinraute  besondere Berühmtheit. Durch den Vier-Räuber-Essig. Mit dem hatten sich vier französische Diebe eingerieben, bevor sie die Häuser von Pestkranken ausraubten.</p>
<p>&nbsp;</p>
<p><a href="http://www.kraeuterklatsch.de/?attachment_id=2595" rel="attachment wp-att-2595"><img loading="lazy" class="alignright size-medium wp-image-2595" src="http://www.kraeuterklatsch.de/wp-content/uploads/2017/07/DSC01802-300x256.jpg" alt="" width="300" height="256" srcset="http://www.kraeuterklatsch.de/wp-content/uploads/2017/07/DSC01802-300x256.jpg 300w, http://www.kraeuterklatsch.de/wp-content/uploads/2017/07/DSC01802-768x656.jpg 768w, http://www.kraeuterklatsch.de/wp-content/uploads/2017/07/DSC01802.jpg 1425w" sizes="(max-width: 300px) 100vw, 300px" /></a></p>
<p>&nbsp;</p>

<p>Heute Morgen habe ich erfahren, dass man bei Berührung und bei Sonnenschein allergisch auf die Weinraute reagieren kann- bis zu schweren Hautreizungen. Also Achtung  die Verletzungen sehen den Verbrennungen des Riesen-Bärenklau ähnlich. Photodermatitis oder Wiesengräserdermatitis Auslösenden Stoffe sind in Blättern, Stängeln und &hellip; <a href="http://www.kraeuterklatsch.de/?page_id=2591">Weiterlesen <span class="meta-nav">&rarr;</span></a></p>
